*k = 2*a - 236, -k - 410 = -6*k + 5*a. List the prime factors of k.
2, 5
Let h(c) = -c**3 - 8*c**2 + 6*c + 6. Let m be h(-9). What are the prime factors of (-1 + m/9)*6?
2
Let z(l) = 3*l**2 + 10*l + 11. Let x(p) = -4*p**2 - 15*p - 16. Let h(m) = 5*x(m) + 7*z(m). Let u = 8 - 2. What are the prime factors of h(u)?
3
Suppose -3*n - 3*s - 3 = 0, -2*s + 5 = n + 1. Let u be (-2)/(-4)*(2 + n). Let v = u - -4. What are the prime factors of v?
2
Let g(z) = -79*z + 6. List the prime factors of g(-1).
5, 17
Let v be 3 - (1 - -2) - -2. Suppose -2*o = -v - 26. What are the prime factors of o?
2, 7
Let d(q) = q**3 + 7*q**2 + q - 9. Let b be d(-8). What are the prime factors of (b/(-12))/(6/16)?
2, 3
Let q(y) = -4*y**3 - 5*y**2 - 2*y + 9. Let n(t) = -12*t**3 - 14*t**2 - 6*t + 26. Let i(a) = -6*n(a) + 17*q(a). What are the prime factors of i(2)?
29
Let d(y) = 3*y + 4. List the prime factors of d(11).
37
Let x be 14/49 - 10/(-14). List the prime factors of ((-77)/14)/(x/(-4)).
2, 11
Let g(m) be the second derivative of m**3/6 + 3*m**2 - m. Let r be -2 + 1 + -1 + 7. What are the prime factors of g(r)?
11
Let x = -7 + 5. Let p(h) = 3*h**2 + 3*h. List the prime factors of p(x).
2, 3
Let y be 10/(-2) + 16/8. Let o be y*((-15)/9)/5. Suppose 4*f = 43 + o. What are the prime factors of f?
11
Suppose 4*l - 17 = 75. What are the prime factors of l?
23
Suppose -5*q + 3*b + 0*b = -39, -4*b = 3*q - 6. Let c = -2 + q. Suppose 18 = 2*u - c. What are the prime factors of u?
11
Let a(z) = z + 1. Let c be a(-8). Let h(r) = r + 10. Let m be h(c). Suppose 12 = m*s - 12. What are the prime factors of s?
2
Suppose -v + 36 - 12 = 4*m, 0 = 2*m - 2. What are the prime factors of v?
2, 5
Let q(z) = -11*z + 1. What are the prime factors of q(-5)?
2, 7
Suppose -5*w - 58 = 12. Let p = w - -22. List the prime factors of p.
2
Let o be (-3)/2*22/(-3). Let p(g) = g + 15. List the prime factors of p(o).
2, 13
Let y be (3 - 0) + (14 - 1). Suppose 0 = 3*m - 2*m - y. List the prime factors of m.
2
Let c(n) = -7 + 2 + 4 + 0 - 3*n + n**2. List the prime factors of c(5).
3
Let y = 29 + -15. List the prime factors of (-18)/6 + (y - -1).
2, 3
Suppose 2*y + 6 = 0, 3*j + 2*j - 285 = -5*y. Suppose -2*i - i + j = 0. What are the prime factors of i?
2, 5
Let o(m) = -m. Let s be o(2). Let f = s + 5. Suppose f*w - 35 = -8. What are the prime factors of w?
3
Suppose -h - 3*a = -37, -2*h + 2*a = 6*a - 64. List the prime factors of h.
2, 11
Suppose 5*p + 5*j + 195 = 0, -4*j - j - 87 = 2*p. What are the prime factors of ((-14)/3)/(8/p)?
3, 7
Suppose -16 = -y + 17. List the prime factors of y.
3, 11
Suppose -d - 4*y + 10 = 0, -1 = 3*d + y - 64. Suppose -d = -5*q + 3. List the prime factors of q.
5
Let f = -8 + 64. Suppose 12 = c - w, 0 = -c - 3*c - 4*w + f. List the prime factors of c.
13
Let d(v) = -v**3 - 3*v**2 + 4. Let r(p) = -2*p + 9. Let w be r(6). Let l be 0/(w - -5) - 3. List the prime factors of d(l).
2
Let v be 11/2 - 2/4. Let d = 11 - v. Suppose -d = z + z - 3*i, 3*z = -2*i + 17. What are the prime factors of z?
3
Let s(q) = 1 + 2*q + 2 - 3 - 4. What are the prime factors of s(6)?
2
Let d(z) = -7*z**3 - z**2 + z + 1. Let y be d(-1). Let v(r) = r**3 - 7*r**2 + 10*r - 6. What are the prime factors of v(y)?
2, 3
Let s(a) = -a**3 - a - 15. Let x be s(0). Let i = x + 44. What are the prime factors of i?
29
Suppose -4*y + 2 = 6. List the prime factors of (38 - 4) + 0 - y.
5, 7
Suppose -5*x = -p - 738, -294 = 4*x + 2*p - 890. What are the prime factors of x?
2, 37
Suppose s - 10 = -s. Suppose 0 = -o + s*u - 7, 4*o = -u - 2*u + 41. What are the prime factors of o?
2
List the prime factors of ((-2)/(4/75))/((-2)/8).
2, 3, 5
Let m = -124 - -188. What are the prime factors of m?
2
Let f(c) = -c**3 - 12*c**2 + 14*c + 15. Let z be f(-13). Suppose -3*u + z = -4. Suppose u*b - 10 = -3*b. What are the prime factors of b?
2
Let n be (-1524)/(-6) - (0 + 2). Suppose n = 3*j + 93. What are the prime factors of j?
53
Suppose 3*x = x - 16. Let k be 2/(-3)*60/x. List the prime factors of 6*-1*k/(-3).
2, 5
Let p(l) = 5*l**2 - 4*l - 1. Let f be p(-3). Suppose 0*m = 4*m - f. List the prime factors of m.
2, 7
Let y = -16 - -19. What are the prime factors of y?
3
What are the prime factors of (10/6*1)/(4/24)?
2, 5
Let b = 4 + -4. Suppose -4*g + q - 3 = 0, b = -3*g - 5*q + 21 - 6. Suppose g = 5*i - 2*x - 12, 3*x - 2*x = -1. What are the prime factors of i?
2
Suppose -4*t - 3*u = 44 + 13, 3*t = 3*u - 27. What are the prime factors of (t/15)/((-4)/20)?
2
Suppose 3*p + 15 = 93. Suppose -v - v = -p. What are the prime factors of v?
13
Let u(f) be the third derivative of -f**4/12 + f**3/2 + 4*f**2. List the prime factors of u(-6).
3, 5
Suppose -2*v = 5*l - 21, -2*v - 3 = -7*v + 4*l. Let z(f) = 4*f**2 - 6*f + 6. List the prime factors of z(v).
2, 3
Let h be 1/2 - 11/(-2). Suppose -2*z + 3*z = 2*w + 31, -5*w = 2*z + 64. What are the prime factors of w/3*(-9)/h?
7
Suppose -3*y + 0*x - 4*x = -348, 0 = 2*y - 2*x - 246. List the prime factors of y.
2, 3, 5
Let m be (-9)/15 - 6/(-10). Suppose 0*w + 2*w - 8 = m. Suppose -w*o = -0*o - 44. List the prime factors of o.
11
Suppose -4*d + j + 219 = 4*j, -j - 269 = -5*d. What are the prime factors of d?
2, 3
Suppose -5*d + 23 - 3 = 0. What are the prime factors of (d/10)/((-10)/(-850))?
2, 17
Suppose 2147 = 25*b - 6*b. List the prime factors of b.
113
Let r(h) = h**2 - h - 2. Let o be r(-2). Suppose -o*p + 17 = -55. What are the prime factors of p?
2, 3
Suppose -4*x + 5*a + 91 = -135, 110 = 2*x - a. Suppose 5*o = 12 - 2, 2*o - 12 = -2*u. Suppose -u*s - 4*z + x = s, 0 = 3*s + z - 31. List the prime factors of s.
2, 5
Let s be (-3)/(-2)*12/9. Suppose 7 = x - 5*g, 1 = -s*x + g - 6*g. Suppose -x*r + 6 = -0. List the prime factors of r.
3
Let r = 7 + 3. What are the prime factors of r?
2, 5
Suppose 0 = 5*g, m + 4*g - g - 22 = 0. What are the prime factors of (-4)/m - 1008/(-99)?
2, 5
Let q = 3 - 9. Let v(u) = -5*u - 7. List the prime factors of v(q).
23
What are the prime factors of 10/4*36/5?
2, 3
Suppose 0*g = -g - 2*s - 3, -g + 3*s + 12 = 0. Suppose -l + 5*c + 1 = -0*c, -4*l + 27 = g*c. Suppose 3*a - a = l. List the prime factors of a.
3
Let u be (-9)/15*(-6 + 1). Suppose 4*m = -s - 4*s + 61, u*m = -s + 54. List the prime factors of m.
19
Suppose 0 = y + o + 2*o - 9, 0 = 5*y - o + 3. Suppose y = -4*q - 3*v + 21, 2*q - 5*v = -3*q. What are the prime factors of q?
3
Suppose 4*j + 4 = 2*j + o, -4*j + 4*o = 0. List the prime factors of j/10 - 32/(-5).
2, 3
Suppose 107 - 271 = -2*y. List the prime factors of y.
2, 41
Let w(c) = -56*c. Let h(d) = d. Let k(g) = 48*h(g) + w(g). Let x be k(-1). What are the prime factors of 2/x - 70/(-8)?
3
Suppose 2*a = -0*a + 4. Let h be (3/(-9))/(a/(-204)). Suppose -3*k + p + h = 2*k, -4*k + 24 = -4*p. What are the prime factors of k?
7
What are the prime factors of 1932/(-24)*12/(-7)?
2, 3, 23
Let w(s) = 2*s - 3. Let c be w(9). List the prime factors of (-6)/c + 124/10.
2, 3
Let b(g) be the first derivative of -g**4/12 - 4*g**3/3 + 2*g**2 - 3. Let s(c) be the second derivative of b(c). List the prime factors of s(-6).
2
Let s(q) = q**3 - 5*q**2 + 6*q - 1. Let r be s(4). Let i be 4*(r/2 + -3). List the prime factors of ((-30)/35)/(i/(-14)).
2, 3
Let b be (-3)/((-4 - -1) + 2). Let w(a) = 9*a + 4. Let i(j) = 5*j + 2. Let r(g) = -5*i(g) + 3*w(g). List the prime factors of r(b).
2
Let w(l) = -2*l - 4. Let u be w(5). Let g = 75 + -52. Let v = g + u. What are the prime factors of v?
3
Suppose 4*x - 94 = 2. Let z(o) = 2*o**2 - 6*o + 2. Let l be z(3). Suppose -l*g = -0 - x. What are the prime factors of g?
2, 3
List the prime factors of (25*(-5 + 4))/(-1).
5
Let w(j) be the second derivative of -j**5/20 + 7*j**4/12 - j**3 - j**2/2 + 3*j. What are the prime factors of w(5)?
19
Let h = 213 + -144. List the prime factors of h.
3, 23
Let w(h) = -11*h - 3. Let p(l) = 17*l + 4. Let a(j) = 5*p(j) + 7*w(j). What are the prime factors of a(1)?
7
Suppose -3*s = -z - 324 - 343, -2*s - 2*z = -450. What are the prime factors of s?
223
Let s = 48 - 84. List the prime factors of (1/(-3))/(4/s).
3
Suppose k = -2*r + 147, -2*r + 141 - 4 = 3*k. What are the prime factors of r?
2, 19
Let p = 96 + 37. What are the prime factors of p?
7, 19
Suppose -10 = -2*i - 5*w, -5*w + 18 = 8. Suppose 5*l - q